t is the highest common factor of 434 and 70?
14
Calculate the highest common factor of 513 and 19.
19
What is the greatest common divisor of 63 and 672?
21
Calculate the highest common factor of 221 and 39.
13
What is the highest common factor of 16 and 148?
4
What is the highest common divisor of 559 and 43?
43
What is the highest common divisor of 108 and 12?
12
What is the greatest common factor of 1683 and 5559?
51
What is the greatest common divisor of 22 and 121?
11
Calculate the greatest common divisor of 2816 and 22.
22
What is the greatest common factor of 545 and 415?
5
Calculate the highest common divisor of 586 and 2.
2
Calculate the highest common divisor of 48 and 102.
6
Calculate the highest common divisor of 4433 and 13.
13
What is the greatest common factor of 3744 and 117?
117
Calculate the greatest common factor of 100 and 2460.
20
What is the highest common divisor of 273 and 42?
21
Calculate the greatest common factor of 56 and 14.
14
What is the highest common factor of 256 and 416?
32
Calculate the highest common factor of 172 and 2150.
86
What is the greatest common factor of 99 and 473?
11
What is the greatest common factor of 96 and 474?
6
Calculate the highest common divisor of 1152 and 108.
36
Calculate the greatest common factor of 875 and 100.
25
What is the highest common divisor of 1 and 11677?
1
What is the highest common factor of 78 and 6?
6
What is the greatest common divisor of 100 and 90?
10
What is the highest common factor of 7 and 9275?
7
What is the highest common factor of 1045 and 385?
55
What is the highest common divisor of 930 and 690?
30
What is the highest common divisor of 8 and 14508?
4
What is the greatest common factor of 108 and 2?
2
What is the greatest common factor of 14 and 1844?
2
Calculate the greatest common factor of 208 and 182.
26
What is the highest common divisor of 1695 and 120?
15
What is the greatest common factor of 689 and 13?
13
Calculate the greatest common divisor of 80 and 680.
40
What is the greatest common factor of 22 and 2266?
22
Calculate the greatest common factor of 5911 and 69.
23
Calculate the highest common factor of 234 and 52.
26
What is the highest common factor of 680 and 153?
17
What is the highest common factor of 640 and 30?
10
Calculate the greatest common divisor of 7893 and 45.
9
Calculate the greatest common factor of 8 and 1228.
4
Calculate the highest common factor of 1400 and 3150.
350
What is the highest common factor of 28 and 4907?
7
Calculate the highest common factor of 16 and 432.
16
Calculate the highest common divisor of 1067 and 11.
11
What is the highest common divisor of 660 and 627?
33
Calculate the greatest common factor of 611 and 94.
47
Calculate the highest common factor of 70 and 266.
14
What is the highest common factor of 110 and 176?
22
Calculate the highest common factor of 32 and 3616.
32
Calculate the greatest common divisor of 249 and 6.
3
What is the greatest common divisor of 5 and 9215?
5
What is the highest common divisor of 684 and 12?
12
Calculate the greatest common factor of 357 and 1275.
51
Calculate the highest common factor of 6968 and 26.
26
What is the highest common factor of 3900 and 39?
39
Calculate the greatest common divisor of 52 and 10985.
13
What is the highest common divisor of 40 and 7470?
10
What is the highest common factor of 630 and 3570?
210
What is the highest common factor of 15 and 23?
1
What is the highest common divisor of 16 and 400?
16
What is the highest common divisor of 56 and 84?
28
Calculate the highest common divisor of 18 and 576.
18
What is the greatest common factor of 20 and 540?
20
Calculate the greatest common factor of 1314 and 2044.
146
Calculate the highest common factor of 860 and 60.
20
Calculate the greatest common factor of 2982 and 2414.
142
Calculate the highest common factor of 253 and 11.
11
What is the highest common divisor of 2106 and 858?
78
What is the greatest common divisor of 316 and 2607?
79
What is the greatest common factor of 100 and 1340?
20
What is the greatest common factor of 81 and 83511?
81
What is the highest common divisor of 120 and 130?
10
Calculate the greatest common divisor of 550 and 44.
22
What is the highest common factor of 2798 and 2?
2
What is the greatest common factor of 120 and 152?
8
What is the greatest common divisor of 395 and 16669?
79
What is the greatest common divisor of 105 and 385?
35
What is the highest common divisor of 65 and 10?
5
What is the greatest common factor of 696 and 96?
24
Calculate the highest common divisor of 680 and 1224.
136
What is the highest common divisor of 10 and 190?
10
What is the greatest common factor of 51 and 5933?
17
Calculate the highest common divisor of 520 and 80.
40
What is the greatest common factor of 592 and 259?
37
Calculate the highest common factor of 1912 and 48.
8
What is the greatest common factor of 800 and 1950?
50
Calculate the greatest common factor of 7 and 2317.
7
What is the highest common factor of 13 and 767?
13
What is the greatest common factor of 36 and 666?
18
What is the highest common divisor of 1593 and 621?
27
What is the highest common factor of 1482 and 78?
78
Calculate the highest common divisor of 78 and 260.
26
Calculate the greatest common factor of 164 and 9881.
41
Calculate the greatest common divisor of 282 and 150.
6
What is the highest common factor of 49 and 42?
7
Calculate the greatest common divisor of 34 and 289.
17
Calculate the highest common divisor of 144 and 324.
36
What is the highest common factor of 738 and 984?
246
Calculate the greatest common factor of 115 and 299.
23
Calculate the highest common divisor of 1037 and 122.
61
What is the highest common divisor of 836 and 1786?
38
What is the greatest common factor of 819 and 78?
39
What is the highest common factor of 1112 and 8?
8
What is the highest common factor of 130 and 9542?
26
What is the greatest common factor of 1849 and 43?
43
What is the greatest common factor of 322 and 20125?
161
Calculate the greatest common factor of 25 and 6425.
25
Calculate the greatest common factor of 270 and 60.
30
What is the greatest common divisor of 1032 and 48?
24
What is the greatest common factor of 32 and 17328?
16
Calculate the greatest common factor of 640 and 20.
20
What is the greatest common factor of 15 and 21?
3
Calculate the greatest common divisor of 10 and 535.
5
Calculate the highest common divisor of 8 and 40.
8
What is the greatest common factor of 138 and 230?
46
Calculate the highest common factor of 128 and 496.
16
Calculate the highest common divisor of 13 and 1651.
13
What is the greatest common divisor of 47 and 188?
47
What is the greatest common divisor of 121 and 11132?
121
Calculate the highest common factor of 399 and 147.
21
What is the highest common divisor of 1652 and 56?
28
Calculate the highest common factor of 108 and 13662.
54
Calculate the greatest common divisor of 2244 and 48.
12
What is the highest common divisor of 65 and 130?
65
Calculate the highest common divisor of 351 and 108.
27
Calculate the greatest common factor of 3984 and 240.
48
Calculate the highest common divisor of 156 and 546.
78
Calculate the highest common factor of 650 and 26.
26
Calculate the greatest common factor of 80 and 10.
10
Calculate the highest common factor of 7 and 371.
7
What is the greatest common factor of 33 and 2376?
33
Calculate the greatest common divisor of 323 and 85.
17
What is the greatest common divisor of 833 and 49?
49
Calculate the highest common factor of 640 and 20.
20
Calculate the greatest common factor of 178 and 3115.
89
Calculate the highest common divisor of 115 and 391.
23
What is the highest common factor of 85 and 697?
17
What is the greatest common divisor of 945 and 3537?
27
Calculate the greatest common divisor of 41 and 41.
41
What is the highest common factor of 322 and 56?
14
Calculate the greatest common divisor of 2745 and 2205.
45
What is the highest common divisor of 4 and 20?
4
Calculate the highest common factor of 702 and 963.
9
What is the greatest common factor of 4 and 1156?
4
Calculate the highest common factor of 7061 and 69.
23
Calculate the highest common factor of 840 and 980.
140
Calculate the highest common factor of 1995